0 (base 6) in base 12?
3b54a26
11100010110101101001 (base 2) to base 12
389835
What is 1110000100000010100 (base 2) in base 14?
bdd1a
1103100202 (base 4) to base 8
1232042
Convert -17443 (base 15) to base 4.
-102113031
What is 17502 (base 16) in base 12?
47316
Convert -1000100010111011011 (base 2) to base 8.
-1042733
What is 56ab66 (base 16) in base 3?
101200120110102
55a5b (base 16) to base 2
1010101101001011011
-2271103 (base 9) to base 14
-23d5c4
What is 10334262 (base 9) in base 7?
60232334
Convert -10533655 (base 7) to base 11.
-576349
-643523 (base 7) to base 9
-180242
Convert -420010131 (base 5) to base 13.
-48280a
What is -40ed7c (base 16) in base 11?
-2446a13
What is 39ae91 (base 16) in base 8?
16327221
Convert 19b2b (base 12) to base 15.
b372
-431724 (base 9) to base 7
-2120563
Convert -11103004 (base 5) to base 11.
-67083
-501ad7 (base 14) to base 7
-31620160
What is 11070 (base 8) in base 14?
19b2
What is -20cc125 (base 13) in base 12?
-343436a
What is 22020023 (base 4) in base 5?
2311413
722464 (base 8) to base 16
3a534
Convert 13221134 (base 8) to base 16.
2d225c
What is 120022212 (base 3) in base 13?
5117
What is -4331879 (base 10) in base 11?
-2499672
Convert 4463811 (base 9) to base 12.
97b377
-4125013 (base 6) to base 8
-602701
What is 15413353 (base 6) in base 2?
10000101011001100101
Convert -42c55 (base 13) to base 6.
-2330544
What is -11675349 (base 10) in base 11?
-6654954
21120020111 (base 3) to base 9
246214
Convert 3003330210 (base 4) to base 8.
3037444
Convert 10230240 (base 5) to base 2.
10101000100110000
Convert 745a (base 16) to base 12.
152a2
What is -57b9bd (base 14) in base 15?
-3e0e82
-21301012 (base 4) to base 5
-2240011
Convert -410024212 (base 5) to base 15.
-2269a7
Convert -152565 (base 12) to base 6.
-11351405
Convert -99139 (base 12) to base 8.
-613175
-10010101100001011010010 (base 2) to base 15
-66baad
Convert -8b530 (base 12) to base 16.
-2d534
What is -16e9a (base 16) in base 15?
-1cc1a
Convert -10001101110111101010 (base 2) to base 3.
-1002112010011
10143455 (base 6) to base 9
486818
What is 21022012112000 (base 3) in base 15?
51a169
Convert 3de90d (base 15) to base 10.
2985538
Convert 619219 (base 14) to base 2.
1100100011010101100111
Convert 3aa352 (base 12) to base 9.
1740738
Convert 1831567 (base 12) to base 3.
100111010110121
What is 394480 (base 13) in base 8?
5210220
Convert -31028 (base 13) to base 5.
-10303124
11010111101011000110100 (base 2) to base 4
122331120310
-402421025 (base 6) to base 12
-2361775
What is 14114ab (base 13) in base 6?
343544152
91662 (base 11) to base 12
6559a
What is -432570 (base 8) in base 12?
-6b934
Convert -130234252 (base 7) to base 13.
-193a9a4
-121110032213 (base 4) to base 2
-11001010100001110100111
Convert 705267 (base 12) to base 6.
101305411
What is -20430232 (base 8) in base 6?
-232550254
What is 82c96 (base 13) in base 7?
1666141
What is -20102210220 (base 4) in base 14?
-407dc4
140103151 (base 6) to base 16
2ad82b
Convert 11231321330 (base 4) to base 6.
52042352
-8585bb (base 12) to base 9
-3864028
Convert 133005553 (base 6) to base 13.
722091
Convert 10021211112121 (base 3) to base 13.
492b4a
What is 13ba464 (base 13) in base 4?
113330213103
-10000000111100000 (base 2) to base 4
-100013200
132812 (base 9) to base 4
103233101
c360e (base 15) to base 7
5155430
Convert -124232345 (base 7) to base 3.
-112220120220122
175db (base 15) to base 10
75581
What is -22003312301 (base 4) in base 3?
-11221222121022
What is 3112314 (base 5) in base 9?
76811
What is -66ec7c (base 16) in base 2?
-11001101110110001111100
-1232011032 (base 4) to base 12
-198b26
Convert 130302404 (base 5) to base 4.
2122331221
-cb150 (base 14) to base 7
-4114530
What is 594110 (base 12) in base 10?
1437852
Convert 22434165 (base 8) to base 9.
10133274
Convert -2505345 (base 6) to base 3.
-20210000002
Convert -1031212 (base 6) to base 4.
-30122120
What is 293abb2 (base 12) in base 11?
4754444
199597 (base 12) to base 7
3561220
202002000021 (base 3) to base 4
1200131311
Convert -121b05 (base 12) to base 2.
-1000111101011110101
What is 844aa (base 16) in base 12?
2216b6
Convert -714126 (base 14) to base 8.
-16431766
20002113330 (base 4) to base 8
10022774
715174 (base 9) to base 8
1473421
Convert 20011200012 (base 3) to base 9.
204605
-12011121120000 (base 3) to base 16
-29ee66
-167892 (base 10) to base 4
-220333110
What is -156cd6 (base 14) in base 11?
-471736
-113002310320 (base 4) to base 8
-27026470
What is -121221031122 (base 4) in base 13?
-1514a63
-734361 (base 9) to base 10
-436240
188234 (base 10) to base 7
1412534
What is -575261 (base 11) in base 15?
-131056
What is 7035409 (base 11) in base 2?
101111100000000010011110
What is -173467 (base 8) in base 15?
-13b42
What is -29557b8 (base 12) in base 15?
-ae699e
What is -22442240 (base 5) in base 8?
-614104
Convert -a3237 (base 15) to base 5.
-113020002
Convert 1449202 (base 10) to base 15.
1d95d7
5537465 (base 8) to base 10
1490741
Convert 214010223 (base 7) to base 14.
19bc413
20202210222 (base 3) to base 8
404227
-5102214 (base 6) to base 7
-2024200
Convert 2323c (base 15) to base 3.
12200110210
-1331222 (base 6) to base 13
-279b9
-110140114 (base 6) to base 2
-111100001100101001110
What is 137d2a9 (base 15) in base 11?
7a39226
500479 (base 15) to base 10
3797889
Convert -1010101100111010001010 (base 2) to base 15.
-3a635b
28b0a01 (base 12) to base 7
126426565
Convert -42186 (base 12) to base 5.
-10233041
Convert 2101022212 (base 3) to base 4.
23130233
What is 41204 (base 6) in base 3?
21111211
What is -140554423 (base 6) in base 9?
-5316556
4cd74 (base 14) to base 2
101110001100111010
What is 92863 (base 11) in base 15?
2a213
What is 1529d5d (base 15) in base 9?
31743017
849691 (base 10) to base 4
3033130123
Convert 42452 (base 7) to base 5.
314043
Convert 11211112 (base 3) to base 4.
313010
What is 12052012 (base 6) in base 4?
1130310020
What is -269f39 (base 16) in base 4?
-21221330321
-309bc8 (base 14) to base 8
-6204064
Convert 115519 (base 11) to base 7.
1361306
Convert 2212333 (base 6) to base 14.
2c4c9
Convert 26a291 (base 12) to base 5.
130433012
What is 11010000001110011110110 (base 2) in base 4?
122001303312
Convert -1243200101 (base 5) to base 7.
-35230656
What is 60846b (base 12) in base 13?
40a1c8
What is -35299 (base 16) in base 6?
-4400041
Convert 11101211131 (base 4) to base 5.
323221444
What is 6f53e (base 16) in base 2?
1101111010100111110
Convert -101212010011 (base 3) to base 15.
-434a7
What is -10112102122 (base 3) in base 9?
-115378
2142467 (base 9) to base 6
40352054
Convert 114214444 (base 6) to base 9.
4057471
What is -3c9730 (base 16) in base 2?
-1111001001011100110000
What is -5282744 (base 9) in base 8?
-12627040
What is -2000001201 (base 4) in base 6?
-15123413
-348b86 (base 14) to base 15
-255b92
What is -5bb100 (base 13) in base 6?
-115013524
What is -165405 (base 8) in base 4?
-32230011
Convert 1b9bd (base 15) to base 2.
10101111101100001
-19a081 (base 12) to base 9
-760147
Convert -100012202210202 (base 3) to base 11.
-2844940
What is 82835 (base 9) in base 14?
15c9c
Convert -1fbced (base 16) to base 4.
-13323303231
Convert -101002110201 (base 3) to base 14.
-5255d
201310003 (base 4) to base 2
100001110100000011
Convert 1044631 (base 8) to base 12.
116735
Convert -11033121 (base 4) to base 5.
-1141330
What is -a957a (base 14) in base 8?
-1440530
Convert 413a55 (base 14) to base 3.
11010202210201
211707 (base 8) to base 4
101033013
-23944a6 (base 13) to base 15
-e7e59b
-1999887 (base 11) to base 6
-200050315
What is 93253 (base 11) in base 4?
201031332
10300051 (base 10) to base 16
9d2a93
Convert -15837 (base 12) to base 14.
-b1d9
Convert -341617a (base 11) to base 9.
-12226337
What is 330213110 (base 4) in base 12?
bb818
1522985 (base 10) to base 14
2b9049
What is 71b953 (base 13) in base 3?
11222210201220
-2211122012200 (base 3) to base 8
-5602146
Convert -11111100010100111011 (base 2) to base 12.
-41a137
What is 458072 (base 10) in base 13?
130664
What is 1023852 (base 10) in base 14?
1c91a4
Convert -10110001000010 (base 2) to base 6.
-124242
What is 100000101110011011100001 (base 2) in base 9?
17124783
Convert 100224 (base 11) to base 10.
161319
3216216 (base 9) to base 6
100535153
What is -